b) = b**3 - 6*b**2 + 6*b. Let i be v(5). Suppose -3 = g + 3*t - i*t, 2*g - 6 = -2*t. What is the units digit of g?
1
What is the tens digit of (2 + 3)*(-232)/(-10)?
1
Let k(f) = f**2 + 6*f. Let w be k(-6). Suppose -z - 4 = 0, -2*y + 0*z + z + 30 = w. What is the units digit of y?
3
Let o be 4/6 + (-10)/(-3). Let c(k) = k. Let u be c(o). Suppose -2*b - b + u = 2*d, 4*d - 2*b = 40. What is the units digit of d?
8
Let y(c) = 2*c**2 + 0 + 1 + 0. What is the units digit of y(2)?
9
Suppose 0*f + 2*f = 4. Suppose f*n + 78 = 5*y - 2*n, 0 = 3*n - 9. Let o = 26 - y. What is the units digit of o?
8
Let k(s) = s**2 + s - 1. What is the units digit of k(-5)?
9
Let x(t) = -6*t - 4. Let i be x(-4). Suppose -i = 2*d - d. Let k = -14 - d. What is the units digit of k?
6
Let o(r) = 2*r**3 - 2*r**2 - 7*r + 9. What is the hundreds digit of o(6)?
3
Let g(a) = -a - 5. Let d(m) = m + 4. Let j(h) = -5*d(h) - 6*g(h). What is the units digit of j(-9)?
1
Let a = 0 + 4. Let f be 45/2 + (-3)/(-2). Suppose -32 = -2*z + a*x, x - 1 + f = 3*z. What is the units digit of z?
6
Suppose -5*o = -3*o - 12. Let s = 19 - o. What is the units digit of s?
3
Let z(m) be the second derivative of -7*m**6/120 - m**5/30 - m**4/24 - m**2/2 + 3*m. Let n(j) be the first derivative of z(j). What is the units digit of n(-1)?
6
What is the units digit of 6/3*10 + 9/3?
3
Let o = 52 - 27. What is the tens digit of o?
2
Suppose -5*a + 0*g + 3*g + 263 = 0, 5*a + 3*g - 257 = 0. What is the tens digit of a?
5
Let u(y) = -y**3 + 7*y**2 - 4*y - 8. Let h be u(6). Let w be h/(-6) + 178/6. Suppose 2*i + w + 18 = 5*r, 5*i - 20 = 0. What is the units digit of r?
1
Let u(l) be the second derivative of -3*l + 1/6*l**3 + 0*l**2 + 0. What is the units digit of u(8)?
8
Suppose 5 = 2*q - m + 4, 3*q = 3*m + 3. Suppose -3*n + 0*a + 5*a = -52, q = 5*n - a - 72. What is the tens digit of n?
1
Let y(o) = 18*o - 7. What is the tens digit of y(5)?
8
Let x = -52 + 16. What is the units digit of 2/(-5) - x/15?
2
Let o = -6 - -31. What is the units digit of o?
5
Let o(n) = -10*n - 11. What is the units digit of o(-18)?
9
Let x = -6 + 19. What is the units digit of x?
3
Let h = 3 + 12. Suppose h - 1 = o - 3*k, 2 = k. Suppose 0*m = -5*m + o. What is the units digit of m?
4
Suppose w - 141 = -22. What is the hundreds digit of w?
1
Suppose 4*u - 3*v - 36 = 46, 4*v + 46 = 2*u. What is the units digit of u?
9
Let i be 0*((-4)/4 + 2). Suppose 13*m - 18*m + 10 = i. What is the units digit of m?
2
Suppose 5*t = -15 - 5, -2*f + t + 204 = 0. What is the hundreds digit of f?
1
Suppose -80 = -3*t - z, 2*t + 24 = 3*t - z. What is the tens digit of t?
2
Let u = -200 - -326. What is the hundreds digit of u?
1
Suppose 5*p - 44 = 121. What is the tens digit of p?
3
Let c be (-1)/((-1)/7*-1). Let n = -3 - c. Suppose -5*g + 3*k = -40, 2*g + k = n*g - 15. What is the units digit of g?
5
Let h be 3/6 - 314/4. Let r = 109 + h. Suppose -5*k + 24 + r = 0. What is the tens digit of k?
1
What is the units digit of 119 - (1 + 2/(-1) + 4)?
6
Let p(b) = -b**2 - 7*b - 6. Let q be p(-4). Suppose 3*s = q*s. Suppose x + s - 13 = -5*n, -2*x - n = -8. What is the units digit of x?
3
Let g = 7 + -5. Suppose -4*s - 3*x + 38 = 13, -g*x = 3*s - 19. What is the units digit of s?
7
Suppose -5*c + 3*x = 4*x - 51, 0 = -5*c - 4*x + 54. What is the units digit of 2/5 + 66/c?
7
Let t(b) = b + 2. What is the units digit of t(5)?
7
Let x be (-4)/(-6) - (-6)/(-9). Suppose -3*t - 2*j = 11, x = t - 2*t - 3*j - 13. What is the units digit of 9 - t/((-2)/6)?
6
Let m(g) = 3*g - 3. Let c be m(2). What is the units digit of (-4 - -9)*1*c?
5
Suppose -4*j = -j. Suppose -f - 2*u + 5 = j, -4*f + 13 + 27 = 4*u. What is the tens digit of f?
1
Suppose -48 = -y + 6*p - 3*p, 0 = 2*p + 2. What is the units digit of y?
5
Suppose -4*b = -5*p - 102, -p = 2*b - 53 + 9. What is the units digit of b?
3
Let i(r) = r**2 - 9*r - 22. What is the tens digit of i(-9)?
4
Let f(m) = -10*m - 29. What is the tens digit of f(-19)?
6
Let h be (3 + -5)/2 - -3. Suppose 0 = -h*k - 2*k + 16. Suppose 0 = d - 9 - k. What is the units digit of d?
3
Let t = -18 + 10. Let g = t + 10. Suppose -4*h + 28 = -g*h + 3*n, 0 = n. What is the tens digit of h?
1
Let v = -13 - -10. What is the units digit of (189/(-3))/v - -1?
2
Suppose 3*i - i - 8 = 0. Suppose 2*s - 16 = -4*p - 2*s, -5*s = i*p - 17. Let c = p + 1. What is the units digit of c?
4
Let j = 2 - 5. Let u(w) = -w + 4. What is the units digit of u(j)?
7
Let f = 2 - 2. Suppose -3*k + 8*k + 90 = f. What is the units digit of 228/54 + 4/k?
4
Let m = 441 + -108. What is the tens digit of m?
3
Let l(t) = -t**3 + 11*t**2 + 16*t + 8. What is the hundreds digit of l(9)?
3
Let r(x) = x**3 + x - 2. Let m be r(2). Suppose f - m = i - 1, 5*f - 11 = -i. Suppose 0 = 3*g - 4*b + 10, -2*g + 5*b - 4 = f*b. What is the units digit of g?
2
Let v = 84 - 47. What is the units digit of v?
7
Let d = 67 + 23. Suppose 4*r - d = -2*h, -h - 3*h = -3*r + 84. What is the units digit of r?
4
Let z(k) = -9*k**2 + k**3 + 14 - 14 - 9*k. Let l be z(10). Let r(s) = s**3 - 9*s**2 - 9*s - 3. What is the units digit of r(l)?
7
Suppose 4 = 3*i - 2*i. What is the units digit of i?
4
Suppose -c + 4 - 3 = 0. Suppose -5*k + l = -2, -4*k + l + 3 = c. Suppose 3*m - 5*a - 34 = k, -m - 6 = 2*m + 3*a. What is the units digit of m?
3
Let o = -34 - -58. Let l = o - 8. What is the units digit of l?
6
Suppose 4*g - g + 3 = 0. What is the units digit of g*-8*(-3 + 8)?
0
Suppose 5*u - 26 = s, -3*u + 19 = u + s. Suppose 4*h + u*o - 84 = 0, 12 = -o - 2*o. What is the units digit of h?
6
Suppose 10 - 2 = -2*i. Let k = i + 21. What is the units digit of k?
7
Let p(j) = -36*j + 17. What is the hundreds digit of p(-3)?
1
Let g = 36 - 22. Let k = g - 3. What is the tens digit of k?
1
Suppose 344 = y + 3*y. Suppose 2*z = -4, 0 = -3*c - c + z - y. What is the units digit of c/(-6) + (-2)/3?
3
Suppose 0 = 5*b + 11 - 221. What is the units digit of b?
2
Let j(a) = a - 4. Suppose -3*q + 7*q = 4*i + 20, -3*i + 6 = 0. What is the units digit of j(q)?
3
Let b = -26 - -12. Let d(v) = -2*v - 2. What is the tens digit of d(b)?
2
Let t be 3 - (-6)/(-2)*13. Let n = 52 + t. What is the tens digit of n?
1
Let x(a) = -78*a + 6. What is the hundreds digit of x(-3)?
2
Suppose 36 = 3*o + 4*x - 119, 4*x + 25 = o. What is the units digit of o?
5
Let q(v) = 10*v - 2. Suppose 0 = -3*o - 2 + 8. Let h be q(o). Let u = h + -13. What is the units digit of u?
5
Let s = -120 + 365. Suppose 4*r = -4*n + 228, -5*r + s = -6*n + n. Suppose -r + 13 = -5*k. What is the units digit of k?
8
Let y = -19 + 36. What is the units digit of y?
7
Let n = 86 - 36. What is the units digit of n?
0
What is the hundreds digit of (798/(-35))/((-1)/5)?
1
Let y = 71 - -163. What is the tens digit of y?
3
Let q(t) = -106*t**3 - 2*t**2 - t. What is the units digit of q(-1)?
5
Let c(r) = 1 + 2 + 3*r + 1 - 1. Let a be c(-2). What is the units digit of (-2*1 - a)*1?
1
Let b be ((-6)/5)/((-1)/5). Suppose x = b*x - 55. What is the tens digit of x?
1
What is the tens digit of (59/1)/(-1 - -2)?
5
What is the units digit of (195/20)/((-3)/(-4))?
3
Suppose 0 = 3*t - 2 - 7. Suppose -t - 5 = -4*u. Suppose 0*h = -h + u. What is the units digit of h?
2
Suppose 3*d = -0*d - 2*m - 43, 0 = 2*m + 4. Let r = d - -28. What is the units digit of r?
5
Let r(i) = -i**2 + 9*i - 2. Let q be r(7). Let y = -11 + q. What is the units digit of y?
1
Let k(a) = 20*a - 16. What is the units digit of k(4)?
4
Suppose 188 = 11*q - 65. What is the tens digit of q?
2
Let i(t) = -7*t + 9. What is the tens digit of i(-6)?
5
Let l be -19*(-2)/(2/(-1)). Let g = l - -35. What is the units digit of g?
6
Let m = 20 + 31. What is the units digit of m?
1
Let j = 8 + -6. Suppose 5*p = u + 53, j*p + u - 24 = -0. What is the tens digit of p?
1
Let w(h) = -4*h**2 - 26*h - 1. What is the tens digit of w(-5)?
2
Suppose p - 3 + 0 = 0. Suppose 42 = p*h - 0. What is the units digit of h?
4
What is the units digit of (8 - -1)/(-1)*(17 - 40)?
7
Let p(s) = -11*s + 1. Let g be p(1). What is the tens digit of g/((-4)/(-8)*-1)?
2
Let l = 219 - 107. What is the tens digit of l?
1
Let c be (-6)/15 - (-34)/10. Suppose -b = c*w + 3*b + 5, w = -b. What is the units digit of w/(-20) + (-82)/(-8)?
0
Suppose 3*r = -0*r - 5*b - 44, 3*b = 5*r 